ommon divisor of f and j?
43
Let o = 2638 + -1819. What is the highest common factor of 189 and o?
63
Let p(u) = -u + 4. Let q be p(-2). Suppose 3*o - 29 = -2*a + q*o, a - 13 = o. Calculate the highest common divisor of 50 and a.
10
Suppose 959*f + 416*f = 148*f + 1227. Suppose -2*n - m + 51 = 0, m + 72 = 4*n - 3*m. What is the highest common factor of f and n?
1
Let c = -52670 + 52687. Let l = -203 + 390. Calculate the highest common factor of l and c.
17
Suppose -4*d + 3*w = -112, 6*d - 129 = d + w. Let a = -150095 + 150295. Calculate the greatest common factor of a and d.
25
Let p = -1188 + 1790. Let f be 16/12 + p/3. Let u = f + -94. Calculate the highest common divisor of 12 and u.
12
Suppose 2*i = -2, -j + 66*i = 71*i - 519. Let w = j - 224. Calculate the highest common divisor of 12 and w.
12
Suppose -c - 3*c - 56 = 0. Let w = 2 - c. Suppose -j = 5*q - 254 + 58, -q = -4. Calculate the highest common factor of j and w.
16
Let w(m) = -39*m - 101. Let a be w(-9). Calculate the highest common divisor of a and 10.
10
Suppose -6*w + 4*o + 2768 + 930 = 0, -2*o = -5*w + 3091. What is the greatest common divisor of 135 and w?
27
Let w(f) = f**2 + f + 2. Let m be w(2). Let u = -161 + 173. Suppose -5*t = -2*x - 12, 5*x - 24 = -13*t + u*t. What is the greatest common divisor of m and x?
4
Suppose -13*j + 3*q + 2397 = -8*j, 0 = -j + 2*q + 485. Calculate the greatest common factor of 3021 and j.
159
Let p be 1/(-2)*(-65 + 75). Let v be (-118)/(-6) + (-1)/(-3). Let z be v/(-8)*36/p. Calculate the greatest common divisor of 9 and z.
9
Suppose a - 301 = 8*k - 5*k, -3*k = -5*a + 1541. Suppose -2*d + 204 = -4*r, 4*r = -d + 4*d - a. Calculate the highest common divisor of d and 53.
53
Suppose -98 = 4*b - k - 774, -b + 5*k = -150. What is the greatest common factor of b and 30?
10
Let t(z) = -24*z - 1782. Let g be t(-78). What is the highest common divisor of g and 1665?
45
Suppose 117 = -3*n + 372. Suppose -21*x - 13*x + 136 = 0. Suppose m - 55 = 2*s - 3*s, -192 = -x*m + 3*s. What is the highest common factor of n and m?
17
Suppose y = -268*c + 272*c + 24, -c - 4 = 0. What is the greatest common factor of y and 1096?
8
Suppose 0 = 2408*d - 2401*d - 966. What is the greatest common divisor of 1472 and d?
46
Let z = -1688 - -1963. What is the highest common factor of z and 88?
11
Let f be (-2496)/273*987/(-6). Calculate the highest common factor of f and 141.
47
Suppose -85*m + 23658 = -23772. What is the greatest common factor of m and 162?
18
Let k = -190 + 191. Suppose 5*c + k + 0 = -4*d, -3*d = 5*c + 2. Calculate the greatest common factor of d and 16.
1
Let s be (7/14)/((-3)/(-114)). Let d(l) = l**2 - 3*l + 6. Let n be d(s). What is the highest common factor of n and 248?
62
Suppose 80*d - 37400 - 10365 = 14795. What is the highest common factor of d and 85?
17
Let h = 2981 + -1956. What is the greatest common factor of 41 and h?
41
Let a(u) = -u**2 + 47*u + 227. Let t be a(50). Calculate the greatest common divisor of 132 and t.
11
Let r = -591 + 509. Let k = 134 + r. Calculate the highest common factor of k and 65.
13
Suppose -2*i = i - 21. Let o = 4064 + -3840. Calculate the highest common divisor of o and i.
7
Let j be 202/20 - (-15)/(-150). Calculate the highest common divisor of j and 22120.
10
Let x = 1166 - 1162. Suppose 0*h + 2*h + 4*v = -16, 0 = -h - 4*v - 18. Suppose r + h = 3*r. What is the highest common divisor of x and r?
1
Let q(i) = -7*i + 1. Let x be q(-1). Let v = 35 - x. Let s = -1500 + 1635. Calculate the highest common factor of v and s.
27
Let c(r) = -r**3 + 12*r**2 + 7*r + 4. Let x be c(6). Let a = x + -244. Calculate the highest common divisor of 24 and a.
6
Let k = 137 - 133. Let o(h) = 3*h**2 - 4*h - 16. Let a be o(k). What is the greatest common factor of 3 and a?
1
Let s be -5*(-72)/(-60)*(-153)/6. Calculate the highest common divisor of s and 171.
9
Let l(q) = -470*q - 3934. Let u be l(-9). What is the greatest common divisor of u and 1332?
148
Let m be -1 + 83 + 5 + 3*1. Let u = m - 66. Suppose z - 2 = -w, 19 = -3*w + 7. What is the highest common divisor of z and u?
6
Let h = -5181 + 5215. What is the greatest common factor of h and 10574?
34
Let n(j) = j**2 + 3*j - 12. Let m be n(-7). Let s(p) = 2*p - 21. Let h be s(m). Calculate the greatest common factor of h and 11.
11
Let j = 86 + -362. Let k = j - -284. What is the greatest common divisor of k and 88?
8
Suppose 0 = -4*v + 4*q + 22372, -247*v = -251*v + q + 22357. Calculate the highest common factor of v and 127.
127
Let b(d) = -9*d + 6. Let i be b(-6). Let r be ((-20)/16)/((-7)/(-28)). Let v(h) = -2*h + 80. Let p be v(r). Calculate the highest common factor of i and p.
30
Let v(q) = -9*q - 27. Let c be v(-38). Let h(s) = 35*s**2 + 26*s - 3. Let z be h(2). What is the greatest common divisor of c and z?
63
Let x be 144*(11 - 117/18). What is the highest common divisor of 1377 and x?
81
Let f = -88 - -360. Let b be 32 - 11 - (4 + 0). Calculate the highest common factor of f and b.
17
Let g = 5133 + -5069. What is the greatest common factor of g and 42?
2
Suppose 3*u + 39 = i, 4*i - 2*u + 0*u = 206. Suppose 74*d = 57*d + 306. Calculate the greatest common factor of d and i.
18
Suppose -583 = 3*l - 703. Suppose -14*x + 4038 = -3242. Calculate the highest common divisor of x and l.
40
Let k = 5413 - 5277. What is the highest common divisor of 238 and k?
34
Let c = 7863 + -7103. What is the greatest common factor of 40 and c?
40
Suppose -48 = -3*f + a, 4*a + 28 = f + 1. Suppose -f*g = -11*g + o - 239, 0 = -2*g - 4*o + 116. What is the greatest common divisor of 12 and g?
12
Let t = -192 + 6. Let m = t - -194. What is the highest common divisor of 1 and m?
1
Let v(q) = -451*q + 966. Let z be v(2). Calculate the greatest common factor of z and 2016.
32
Suppose 2981 = 2*z - 4*g - 12547, -3*g + 9 = 0. Calculate the highest common divisor of 210 and z.
210
Let v be ((-1159)/(-76))/(7/140). Calculate the greatest common factor of v and 549.
61
Let i be -3 + 9 - (282 - -16). Let a = -148 - i. What is the highest common divisor of a and 108?
36
Let c = 6398 - 4652. What is the highest common factor of 36 and c?
18
Let o be (84/70)/(6/20). Suppose 2*b + 5*a - 43 = 0, b + o*a - 29 = -a. Let v be (0 - 54)/((-4)/b). Calculate the highest common divisor of v and 27.
27
Suppose 2*k - 12 = -d + 4*k, -4*k - 20 = 0. Suppose 36 = -5*a - 4*p, -1 = 4*a - p + 11. Let o be (2/a)/(d/(-4)). What is the greatest common factor of o and 4?
1
Let k = -377 + 567. Calculate the highest common divisor of 1216 and k.
38
Let v = -117 + 129. Suppose v*s = 16*s - 144. What is the greatest common factor of s and 72?
36
Let o(i) be the first derivative of 3*i**2 - 48*i + 11. Let b be o(10). What is the greatest common factor of 96 and b?
12
Suppose -13*m = 4*m - 561. Suppose 5*a + 0*d = -2*d + 36, -3*a - 5*d + m = 0. Calculate the highest common divisor of 48 and a.
6
Let m be 11830/(-13)*48/(-120). Suppose -3*t = -9 - 69. What is the highest common factor of m and t?
26
Let q(l) = 2031*l + 518. Let v be q(0). What is the greatest common factor of 826 and v?
14
Let h = -2601 + 2617. What is the highest common divisor of h and 944?
16
Let a be ((-2)/(-5) - (-721)/35) + -3. Suppose 2*z - 33 = -7. Let v = 67 - z. What is the greatest common factor of v and a?
18
Let r(b) = 178*b + 96. Let h be r(4). What is the greatest common divisor of h and 505?
101
Let l(c) = 590*c**2 - 18*c - 50. Let j be l(-2). Calculate the highest common divisor of 1794 and j.
138
Let x be 0 + (14876/22 - (-4)/(-22)). Calculate the greatest common factor of x and 2197.
169
Suppose 263*h - 1700 = 129*h + 129*h. What is the highest common divisor of 1105 and h?
85
Suppose -5*n + 10*n = -80. Let u(h) = -h**2 - 18*h + 33. Let v be u(n). What is the highest common divisor of 13 and v?
13
Let c(y) = y**2 - 4*y - 1. Let o = 21 - 1. Suppose -3*l = 2*t + 3*t - 15, 0 = 4*l + 5*t - o. Let s be c(l). Calculate the greatest common factor of s and 4.
4
Let f be 13/39 + (-32)/(-3). Let q(y) = 159*y - 6. Let n be q(1). Let k = -87 + n. Calculate the greatest common divisor of f and k.
11
Let v(d) = -4*d + 28. Let c be v(7). Suppose c = 2*z - 6 - 26. Suppose -13*k + z*k - 126 = 0. What is the highest common divisor of k and 28?
14
Let k = -4280 + 1